= 0. List the prime factors of z.
7, 17
Suppose p + 10847 = x + 3387, -22360 = -3*x - 2*p. What are the prime factors of x?
2, 233
Let x be ((0/(-4))/(-2))/(-3) + -7. Let b be (12/x)/(14/(-2793)). Suppose 12*g - 15*g = -b. List the prime factors of g.
2, 3, 19
Let r(s) = -s**3 - 21*s**2 - 22*s + 16. Let o be r(-20). Let u be (-2)/(-7) - 28128/o. Let p = -321 - u. What are the prime factors of p?
181
Suppose 30 = 23*g - 18*g. Let p(v) = -2*v**2 + 12*v + 15. Let r be p(g). Let q(c) = c**2 - 11*c + 12. What are the prime factors of q(r)?
2, 3
Suppose -140 = -2*z - 24. Suppose 8950 = 68*o - z*o. What are the prime factors of o?
5, 179
Let h = -57 - -57. Suppose h = 5*o - 5, 4*o - 829 = -4*y + 1655. What are the prime factors of y?
2, 5, 31
Suppose 3*s + 4*x - 163075 = 0, 11*s - 10*s - 54401 = 4*x. What are the prime factors of s?
3, 7, 863
Suppose 32 - 110 = -3*b - 4*z, 5*b = -5*z + 130. Let o be 4/b + (-24)/(-13). Suppose i + o*i - 168 = 0. List the prime factors of i.
2, 7
Suppose 3*r + 13 = -g, 3*g + 3 = -r + 4. Let n be (g + (-14)/4)*-50. Let o = -47 + n. What are the prime factors of o?
2, 7
Let b(h) be the second derivative of h**5/20 - h**4/4 - 7*h**3/6 - 3*h**2/2 + 9*h. Let d be b(6). List the prime factors of 6/27 + 14665/d.
233
Suppose -3*u = -2*w - 85, -4*w - 190 = -4*u + 2*u. Suppose 0 = -h - k + 13, -6*h + 4*h - 3*k + 29 = 0. What are the prime factors of (-380)/w*h/4?
19
Suppose 9834 = 2*c - 2*f, 17049 = 4*c + 2*f - 2607. List the prime factors of c.
5, 983
What are the prime factors of -12*(-4 + 6) - -5025?
3, 1667
Let m = -124 + 136. Suppose 0*h - m*h + 4872 = 0. What are the prime factors of h?
2, 7, 29
Suppose 2471*y - 80678 = 2458*y. List the prime factors of y.
2, 29, 107
Suppose -139*w = -3639440 + 1260455. What are the prime factors of w?
3, 5, 7, 163
Let u = 5872 - 5899. Let v(x) = 28*x**2 - 2. Let c be v(-2). Let y = u + c. List the prime factors of y.
83
Suppose 0 = -89*a + 37*a + 4264. Let v = 120 - 62. Let q = a + v. What are the prime factors of q?
2, 5, 7
Let z be (-31158 - -2) + (3 + 8 - 5). List the prime factors of (24/14)/((-100)/z).
2, 3, 89
Let c be 1/(-2)*6028/22. Let l = c + 325. List the prime factors of l.
2, 47
Suppose -3169022 - 1401098 = -193*q + 2176967. What are the prime factors of q?
3, 43, 271
Let c be -1 + (1 + 1 - -1). Let o(h) = 11*h**2 - 4 + 0*h**3 - 13*h - h**3 + 0*h**2 + 0*h**c. List the prime factors of o(9).
41
Let s be 174/(-29) - -2*4. Suppose s*i = -3*k + 1557, 0*i - 4*k = i - 781. List the prime factors of i.
3, 7, 37
Let d(r) = 3*r**2 + 5*r - 154. List the prime factors of d(-42).
2, 7, 11
Suppose -60700 = -2*i + 8*x - 9*x, -5*i + 4*x = -151698. List the prime factors of i.
2, 15173
Let v(l) be the third derivative of l**5/60 + l**4/12 + 19*l**3/6 - 45*l**2. Let b be 78/14 - 18/(-42). What are the prime factors of v(b)?
67
Let l(w) = 167*w + 32 + 162*w + 164*w - 478*w. Let z be (0 - 9)*(1 + -2). What are the prime factors of l(z)?
167
What are the prime factors of 4146*(29/5)/((-14)/(-35))?
3, 29, 691
Let d be (8/(-6))/(7/(-336)). Suppose 184 = p - d. List the prime factors of p.
2, 31
Suppose g - 3444 = v, 0 = -2*g - 4*v + 1193 + 5659. What are the prime factors of g?
2, 3, 191
Let k be 24350/125 - (-2)/10. Let z = 736 - k. What are the prime factors of z?
541
Let y = -90 - -99. Let i(h) = 7*h + 21. Let p be i(y). Let r = -76 + p. List the prime factors of r.
2
Let s be (2 - -64)/2 - (8 + -3). Suppose -s*v + 9898 = -14658. List the prime factors of v.
877
Let u(a) = -2219*a - 5047. What are the prime factors of u(-35)?
2, 3, 7, 13, 19
Let s be ((-3)/(-6))/(1 - (-55)/(-56)). Let i be (-9 + 9)/(3 - 1). Let w = i + s. List the prime factors of w.
2, 7
Suppose -2*j + 0*j = -o - 8, 3 = -j + 4*o. Suppose a - 44 = 1. Suppose j*f - 385 = a. What are the prime factors of f?
2, 43
Let v(x) = 17*x + 1166. List the prime factors of v(26).
2, 3, 67
Let j(x) = 22679*x**3 + 3*x**2 - 37*x + 34. List the prime factors of j(1).
22679
Let h = -3551 - -5628. Let o = -1173 + h. What are the prime factors of o?
2, 113
Let u = -49168 + 82395. What are the prime factors of u?
149, 223
Let w = -280 - -254. List the prime factors of (-1772)/w - (-8)/(-52).
2, 17
Suppose 82*n - 604243 = 293785 - 40226. What are the prime factors of n?
3, 11, 317
Let q be ((-33)/9)/((-18)/54). Suppose q*z + 1023 = 7799. List the prime factors of z.
2, 7, 11
Suppose 0 = 4*x - 3*o - 52098, 37*x - 38*x = -o - 13024. What are the prime factors of x?
2, 3, 13, 167
Let w(r) = -r**3 + 8*r**2 - 15*r + 21. Let u be w(6). Suppose 5*y - 1460 = -3*h, 0*y + u*y - 5*h - 876 = 0. What are the prime factors of y?
2, 73
Suppose 0 = -5*y + 2*g + 36146, 5*y + 13*g = 10*g + 36131. Suppose 3*j + 3*j + 4*d - y = 0, 0 = -3*j + 4*d + 3608. List the prime factors of j.
2, 7, 43
List the prime factors of 19*-2*(-1027)/52*(10 - 0).
5, 19, 79
Suppose -4*x + 913 + 1827 = 0. Let j = -403 + x. List the prime factors of j.
2, 3, 47
What are the prime factors of (-154927)/(-5) - ((-34)/595)/(2/(-14))?
5, 6197
Let l(w) = -2*w**2 - 2*w + 4. Let b = 31 - 27. Let p be l(b). List the prime factors of (p/(-5))/(12/80).
2, 3
Let w = -95413 + 140465. List the prime factors of w.
2, 7, 1609
Let t(k) = -204*k**2 - 5*k + 11. Let x be t(2). Let l = x + 1411. What are the prime factors of l?
2, 149
Let p(k) = -103*k - 4. Let t be p(-5). Suppose -150*w + 650 = -152*w - 4*h, -5*h + 20 = 0. Let b = t + w. List the prime factors of b.
2, 89
Suppose 0*n = 3*n + 2*j - 13, -19 = -4*n - 3*j. Let d be ((-6)/(-9))/(4/(-6) + n). Suppose x - d*a + 160 = 4*x, -5*x + 260 = 2*a. List the prime factors of x.
2, 5
Let v(p) = 2*p - 31. Let c be v(23). Suppose -n - 4*i = -118, 5*i - c = 3*n - 352. What are the prime factors of n?
2, 3, 19
List the prime factors of 53948*5/65 - (-4)/26.
2, 5, 83
Let a be 38/(2 - (-441)/(-224)). Let v = a - 235. What are the prime factors of v?
3, 109
Let i(r) = -6*r - 9 - 6 + r**2 - 1. Suppose 30 = 5*o - 2*o. What are the prime factors of i(o)?
2, 3
Let c be (-2)/4 - 50/100. List the prime factors of (-34)/(-2) - (-6 + c + 5).
19
Suppose -116*q = -139*q + 1215826. List the prime factors of q.
2, 26431
Let m(s) be the second derivative of 13*s**4/24 - 11*s**3/3 + 19*s**2/2 - 19*s. Let i(w) be the first derivative of m(w). What are the prime factors of i(11)?
11
Let w = -15529 - -23051. List the prime factors of w.
2, 3761
Let n(k) = -k**3 - 6*k**2 - k + 6. Suppose -43 = 5*a - x, 4*x = 4*a + 3*x + 35. List the prime factors of n(a).
2, 71
Let q = 15234 - 4458. Suppose q = 25*p - p. List the prime factors of p.
449
Let a(j) be the first derivative of 16*j**3/3 + 10*j**2 - 4*j + 59. What are the prime factors of a(-10)?
2, 349
Suppose -71*b + 46*b = 113*b - 1062462. List the prime factors of b.
7699
Let q(w) = 5*w**2 - 59*w - 12. Let o be q(12). Suppose -11*r + r + 4550 = o. List the prime factors of r.
5, 7, 13
Let s = 267 + -264. Suppose s*k - 315 - 1455 = 0. What are the prime factors of k?
2, 5, 59
Suppose -5*q + 21 = -u, 6*u - 14 = -4*q + 4*u. Suppose 5*g + q*g = -g. Suppose 3 = r, -431 = -2*o - g*o - r. What are the prime factors of o?
2, 107
Let c = -740 - -2743. List the prime factors of c.
2003
Let p(d) = 12861*d + 88. What are the prime factors of p(3)?
38671
Let k(r) = -r**2 - 12*r - 27. Let m be k(-6). Suppose j = 3*u - 1 - m, -25 = -2*j - 3*u. Suppose j*i = 4*i + 73. What are the prime factors of i?
73
Suppose 2*y - y - 176 = 0. Suppose 2436 = 3*j + 25*j. Let a = y - j. What are the prime factors of a?
89
Let l(h) = 3*h**2 - 12*h - 7. Let c be l(4). List the prime factors of (c/(-14))/((-1)/(-206)).
103
Let a be 2/7 - (-1144)/14. Let i(h) = -2*h**3 - 12*h**2 + 14*h + 25. Let z be i(-9). Suppose -3*j + a = -3*o + z, o + 3*j = 97. List the prime factors of o.
2, 5
Suppose 4*h = 4*g + 88776, -14*h - 3*g + 88804 = -10*h. What are the prime factors of h?
2, 11, 1009
Let t = -175 + 171. List the prime factors of 876 - (-4 + 3 + t).
881
Let p = -421 + 425. List the prime factors of p/18 + 13/((-1053)/(-2088)).
2, 13
Let y(z) = z**2 - 6*z + 18. Let r(w) = 2*w**2 - 37*w + 8. Let o be r(18). Let n(m) = -m + 3. Let t be n(o). List the prime factors of y(t).
109
Suppose 3*y - 633 = -5*m, 8*y - 3*y = -m + 1055. Suppose 20 = -5*i + 9*i. Suppose -i*s = o - y, -3*o